 Let o be n(l). What is the tens digit of 45*-5*4/o?
3
Let l be ((3 - 0) + (-15)/9)*42. Let m = -56 + l. Suppose 3*n - 84 - 18 = m. What is the tens digit of n?
3
Let p(q) = 3*q**2 + 22*q + 9. Let m be p(-15). Let z be (-1576)/(-14) - (64/14 - 5). Let k = m - z. What is the units digit of k?
1
Let b = -319 + 319. Suppose 6*g - 21*g + 6450 = b. What is the tens digit of g?
3
Let b(h) = -h**3 - h**2 + h - 2. Let k(n) = 28*n**3 - 20*n**2 - n - 2. Let j(m) = 4*b(m) - k(m). What is the units digit of j(-3)?
7
Let o be ((-162)/297)/(1/(-11)). Suppose -22 = -o*m + 170. What is the units digit of m?
2
Let k = 3886 - 3869. Let r = -32 + -47. Let s = k - r. What is the tens digit of s?
9
Let b(n) be the second derivative of 37*n**4/12 - 13*n**3/6 + 31*n**2/2 - 22*n + 3. What is the hundreds digit of b(5)?
8
Suppose 1713*o - 1708*o - 23440 = 0. What is the tens digit of o?
8
Let m(s) = 90*s - 2 - 5*s**2 - 3 + 2*s**3 - 94*s. Let u(k) = -3*k - 10. Let y be u(-5). What is the units digit of m(y)?
0
Let m be 2 + (-4)/16*-8. Suppose -3*s + 3*t = -462, -5*s - m*t = -s - 640. What is the tens digit of s?
5
Let g(q) = 4517*q - 272. What is the ten thousands digit of g(3)?
1
Suppose 2*m - 4164711 = -50*m - 75*m. What is the units digit of m?
3
Suppose 2*z - 973 = 3*p + 2*p, 0 = 3*p - 9. Let v = 872 - z. What is the tens digit of v?
7
Suppose v + 50 = 11*v. Suppose v*r + 2*r - 28 = 0. Suppose -b - 715 = -3*x, -4*x - x + r*b = -1201. What is the tens digit of x?
3
Suppose -2*s = -7*s + 4525. Suppose 12*w = 7*w + s. Suppose 0*c + 5*y + w = c, -755 = -5*c - 5*y. What is the units digit of c?
6
Let s = 4745 - -285. What is the units digit of s?
0
Let r(w) = -92*w + 28. Let j(f) = -23*f + 7. Suppose 6*g - 5*g - 2 = 0. Let t(p) = g*r(p) - 9*j(p). What is the units digit of t(5)?
8
Let x = -538 - -354. Let s = 336 + x. What is the units digit of s?
2
Let w(a) = 4*a**3 + 176*a**2 - 27*a - 34. Let l be w(-44). Let t = -372 + l. What is the hundreds digit of t?
7
Let i(s) = -s**2 + 4*s + 8. Let y be i(5). What is the thousands digit of 36684/24*2/y?
1
Suppose -130*x + 4795146 = -1780514. What is the units digit of x?
2
Suppose -d = -0*d. Suppose 4*m - m - 3*a = -510, 5*m - 3*a + 854 = d. Let j = 254 + m. What is the tens digit of j?
8
Let s = -339 - -261. Let y = 551 + s. What is the units digit of y?
3
Let v(z) = z**2 - 38. Let b be v(-6). Let g(t) = -12*t**3 - 3*t**2 + 4*t + 8. What is the tens digit of g(b)?
8
Let b = 48 + -44. Suppose -475 = -3*u - b*v + 112, 940 = 5*u - v. Let n = -82 + u. What is the tens digit of n?
0
Let i(u) = -11*u - 7. Let n be i(-10). Let p = -812 + 823. Suppose p*k + n - 2094 = 0. What is the units digit of k?
1
Suppose 54*f = 117*f - 169407. What is the tens digit of f?
8
Let i be (-24224)/(-18) + (-54)/(-243). Suppose -i = -5*d - 4*j, -14*d + 9*d + 1350 = 5*j. What is the tens digit of d?
6
Let b be -2*(-1)/4 + (-11394)/12. Let m = 343 - b. What is the thousands digit of m?
1
Let k = -8545 - -55390. What is the hundreds digit of (12/(-15))/((-9)/(k/6))?
6
What is the thousands digit of (-3 - -7 - -2) + 6190?
6
Let h(f) = 6*f + 38. Let b be h(0). Suppose 0 = -36*y + b*y - 150. Let l = y + -13. What is the tens digit of l?
6
Let l = 827 - 63. What is the hundreds digit of (3/(-2))/((-3)/l)?
3
Let c(f) = f**3 - 23*f**2 - 5*f + 35. Let w be c(23). What is the hundreds digit of w/10 + 8 - (-637 + 1)?
6
Suppose -53 - 13 = -2*q. Suppose 8*k - q = 5*k. Suppose -182 = -k*b - 17. What is the tens digit of b?
1
Suppose 8*n = -0*n + 120. Suppose 15 = -5*y, 3*y + n = t - 11. Let c = 44 - t. What is the units digit of c?
7
Suppose -4521 = 16*y - 11193. What is the tens digit of y?
1
Let l = -5946 - -8463. Suppose 54*a - l = 51*a. What is the tens digit of a?
3
Let h = -1212 - -2257. What is the units digit of 13/((-585)/(-18))*h?
8
Let i = -25287 + 35727. What is the hundreds digit of i?
4
Let h(c) be the second derivative of c**5/20 + c**4 + 2*c**3 + 15*c**2/2 + 2*c. Let x be h(-11). Suppose x*t + 5*t = 639. What is the tens digit of t?
7
Let w = -929 + 1755. Suppose -616 = -7*n + w. Let j = n - 102. What is the units digit of j?
4
Suppose -5*d + 101785 = 4*l + l, 2*l = 4*d + 40672. What is the ten thousands digit of l?
2
What is the thousands digit of (30/20)/(20/(-8)*2/(-10910))?
3
Suppose 0 = 5*i + 3*o - 38, 5*i - 54 = 14*o - 13*o. Suppose -40*k + 51400 = i*k. What is the tens digit of k?
2
Suppose -x - 5*m = -2*x, 2*m = -2*x. Suppose x = c - 4*c - 4*w - 413, -282 = 2*c - 4*w. Let v = 219 + c. What is the units digit of v?
0
Suppose -70*u + 10 = -68*u. Suppose -u*z - 2888 = -2*n, n = 3*n - 3*z - 2892. What is the hundreds digit of n?
4
Let u = -582 - -1198. Suppose 5*r - 2*b = u + 3944, 5*r - 4*b - 4560 = 0. What is the hundreds digit of r?
9
Let p(s) = 136*s**3 + s**2 - s. Let n be p(1). Let m = 54 + n. What is the tens digit of m?
9
Suppose -19*j + 9 = -16*j. Suppose -j*v + q + 437 = 0, 4*q + 18 = -2*v + 286. What is the tens digit of v?
4
Suppose 4*l + 4*m - 10852 = 0, 4*l - m + 1923 = 12780. What is the tens digit of l?
1
Let t = 33754 - 18770. What is the thousands digit of t?
4
Suppose 33*q - o - 29 = 32*q, -3*o = 15. What is the tens digit of -2*8/q - 460/(-6)?
7
Suppose 6*u + 397 = 2269. Let v be (2/4)/(39/u). Suppose 5*w = -2*f + 3*w + 54, -v*w = -4*f + 148. What is the tens digit of f?
3
Let t = 22649 + 11829. What is the units digit of t?
8
Let o(l) = -704*l - 2352. What is the hundreds digit of o(-25)?
2
Suppose -435 - 4125 = -10*c. Suppose -30*i = -26*i - c. What is the tens digit of i?
1
Let j be (2/10)/((-7)/(-105)). Suppose 0 = 2*y - 3*d - 810, j*d + 2043 = 7*y - 2*y. What is the tens digit of y?
1
Suppose -18*g - 2*g = -6*g - 120008. What is the hundreds digit of g?
5
Suppose -27*g + 1573 = -26*g + n, g = -2*n + 1575. What is the hundreds digit of g?
5
Let u be 22/1 - (-8)/4. Suppose -5*g = -8*g + u. Suppose g*x - 543 = 457. What is the tens digit of x?
2
Suppose 0 = -y + 39 + 60. Suppose y*i - 171 = 98*i. What is the tens digit of i?
7
Suppose -58*l = -178941 - 93195. What is the thousands digit of l?
4
Let f be (252/(-10))/(-1*(-4)/(-400)). Suppose 2*w = -4*w + f. Suppose 0 = 26*n - 29*n + w. What is the units digit of n?
0
Let a(r) = 7*r - 60. Let w be a(8). What is the units digit of (578/68)/((-2)/w)?
7
Suppose 33 = 4*o + 21. Suppose -6*k = o*k - 4932. What is the units digit of k?
8
Let l = -5806 - -9423. What is the hundreds digit of l?
6
Let u(h) = -25*h**3 - 20*h**2 + 364*h - 77. Let p(j) = -5*j**3 - 4*j**2 + 73*j - 15. Let g(b) = -11*p(b) + 2*u(b). What is the tens digit of g(7)?
9
Let b = 39 - 34. Let h = 8 - b. Suppose h*v + 480 = 11*v. What is the tens digit of v?
6
Let z be (-27)/(-18)*(-48)/(-9). Suppose 4*h - 23 = -5*g, 5*h = 6*h + 2*g - z. Suppose h*m + 0*s - 203 = -s, m - 5*s - 96 = 0. What is the tens digit of m?
0
Let o be (1 + -5 + -2)/1. Let d be 8/(-2 - o) - (1 + -2). Suppose -5*c - 53 = -a, -a + d*c + 36 + 21 = 0. What is the tens digit of a?
6
Let m(s) = -2546*s + 36. Let b be m(-6). Suppose 16*x - b = -1536. What is the hundreds digit of x?
8
Let g(o) be the third derivative of -23*o**4/24 + 4*o**3/3 - 16*o**2. Let y be g(-4). Let v = -51 + y. What is the units digit of v?
9
Let x(l) = 7*l**2 - 68*l + 534. What is the tens digit of x(-19)?
5
Let r be 5 + (86 + -4 - -3). What is the units digit of 1/((-12)/r)*54/(-15)?
7
Let r be 4/(-10) + 77/55. Let j = 67 - 65. What is the units digit of (r - j)*(-5 - 0 - 164)?
9
Let m(z) = -910*z**2 - z - 1. Let v be m(1). Let o = -300 - v. What is the hundreds digit of o?
6
Let p(k) = 18*k**2 - 3*k + 59. Let c be 8/3 + (-56)/(-42). Let w(x) = 6*x**2 - x + 20. Let n(f) = c*p(f) - 11*w(f). What is the units digit of n(4)?
8
Let o be 4/(-3)*(-4)/(16/(-36)). Let h be (-45)/o + (-2)/(-8). What is the tens digit of 86/(-3)*(1 - h)?
8
What is the thousands digit of ((-3638)/2)/((450/162)/(-25))?
6
Let s(i) = -i**3 - 9*i**2 - 13*i + 6. Let k(x) = x**2 - 4*x - 12. Let v be k(5). Let t be s(v). What is the tens digit of (-1)/2*346*t?
7
Let p(t) = 15*t**3 + 3*t**2 + 2*t - 3. Let s be p(1). What is the hundreds digit of (-1062)/(-8)*68/s?
5
Suppose 1528*m - 1602*m + 2161318 = 0. What is the hundreds digit of m?
2
Let z = 13916 + -13347. What is the hundreds digit of z?
5
Let m = -